152
What is the remainder when 14272 is divided by 132?
16
Calculate the remainder when 2966 is divided by 96.
86
What is the remainder when 439668 is divided by 770?
768
Calculate the remainder when 47176 is divided by 513.
493
What is the remainder when 3586 is divided by 13?
11
Calculate the remainder when 40271 is divided by 4467.
68
Calculate the remainder when 1249 is divided by 3.
1
What is the remainder when 5702 is divided by 6?
2
Calculate the remainder when 5557 is divided by 69.
37
What is the remainder when 2728 is divided by 82?
22
Calculate the remainder when 202189 is divided by 1644.
1621
What is the remainder when 38358 is divided by 434?
166
Calculate the remainder when 1035 is divided by 123.
51
Calculate the remainder when 17332 is divided by 138.
82
What is the remainder when 6250 is divided by 41?
18
What is the remainder when 196820 is divided by 1321?
1312
Calculate the remainder when 4897 is divided by 106.
21
What is the remainder when 76921 is divided by 5120?
121
Calculate the remainder when 332398 is divided by 3227.
17
Calculate the remainder when 1073925 is divided by 110.
105
What is the remainder when 3829 is divided by 252?
49
Calculate the remainder when 7392 is divided by 20.
12
Calculate the remainder when 36018 is divided by 8996.
34
What is the remainder when 7656 is divided by 912?
360
Calculate the remainder when 32628 is divided by 32622.
6
What is the remainder when 1658 is divided by 106?
68
Calculate the remainder when 2994 is divided by 268.
46
Calculate the remainder when 3158 is divided by 83.
4
Calculate the remainder when 24562 is divided by 46.
44
What is the remainder when 456536 is divided by 131?
1
What is the remainder when 725457 is divided by 113?
110
Calculate the remainder when 24306 is divided by 4042.
54
Calculate the remainder when 52868 is divided by 13.
10
What is the remainder when 5424 is divided by 764?
76
Calculate the remainder when 2464 is divided by 104.
72
What is the remainder when 995 is divided by 972?
23
What is the remainder when 1970 is divided by 557?
299
Calculate the remainder when 669 is divided by 13.
6
Calculate the remainder when 80221 is divided by 11.
9
What is the remainder when 214651 is divided by 238?
213
What is the remainder when 72543 is divided by 36244?
55
What is the remainder when 1533 is divided by 303?
18
Calculate the remainder when 4359 is divided by 2179.
1
What is the remainder when 9419 is divided by 201?
173
What is the remainder when 644695 is divided by 43?
39
What is the remainder when 7433 is divided by 75?
8
What is the remainder when 46181 is divided by 6564?
233
What is the remainder when 5006 is divided by 141?
71
Calculate the remainder when 512 is divided by 199.
114
Calculate the remainder when 205542 is divided by 443.
433
What is the remainder when 3765849 is divided by 1062?
1059
Calculate the remainder when 2989 is divided by 708.
157
What is the remainder when 62823 is divided by 74?
71
Calculate the remainder when 20911 is divided by 202.
105
What is the remainder when 78762 is divided by 295?
292
What is the remainder when 14903 is divided by 1235?
83
What is the remainder when 671 is divided by 665?
6
What is the remainder when 264663 is divided by 11507?
2
What is the remainder when 88881 is divided by 313?
302
What is the remainder when 7601 is divided by 687?
44
Calculate the remainder when 10536 is divided by 259.
176
What is the remainder when 37224 is divided by 41?
37
What is the remainder when 8553 is divided by 13?
12
Calculate the remainder when 22397 is divided by 131.
127
What is the remainder when 5401 is divided by 19?
5
Calculate the remainder when 110893 is divided by 2996.
41
What is the remainder when 97204 is divided by 64?
52
Calculate the remainder when 927677 is divided by 40.
37
What is the remainder when 11141 is divided by 1010?
31
Calculate the remainder when 689 is divided by 159.
53
Calculate the remainder when 17885 is divided by 117.
101
Calculate the remainder when 97670 is divided by 16278.
2
Calculate the remainder when 123602 is divided by 63.
59
What is the remainder when 12161 is divided by 39?
32
What is the remainder when 1129 is divided by 122?
31
Calculate the remainder when 37056 is divided by 7.
5
Calculate the remainder when 139778 is divided by 167.
166
What is the remainder when 62405 is divided by 62389?
16
Calculate the remainder when 13517 is divided by 465.
32
Calculate the remainder when 5521 is divided by 323.
30
What is the remainder when 282 is divided by 2?
0
What is the remainder when 44833 is divided by 6?
1
What is the remainder when 9088 is divided by 2808?
664
Calculate the remainder when 3082 is divided by 537.
397
What is the remainder when 5542 is divided by 1011?
487
What is the remainder when 1051 is divided by 225?
151
Calculate the remainder when 388 is divided by 242.
146
What is the remainder when 160345 is divided by 129?
127
What is the remainder when 1920 is divided by 1169?
751
Calculate the remainder when 83291 is divided by 308.
131
Calculate the remainder when 5895509 is divided by 114.
113
Calculate the remainder when 110899 is divided by 36923.
130
What is the remainder when 1166 is divided by 476?
214
What is the remainder when 4967 is divided by 63?
53
What is the remainder when 52136 is divided by 4?
0
Calculate the remainder when 3192 is divided by 7.
0
What is the remainder when 19866 is divided by 6509?
339
What is the remainder when 765915 is divided by 207?
15
Calculate the remainder when 13367 is divided by 1215.
2
What is the remainder when 302144 is divided by 109?
105
Calculate the remainder when 40853 is divided by 2917.
15
Calculate the remainder when 1241 is divided by 178.
173
What is the remainder when 206603 is divided by 35?
33
What is the remainder when 182007 is divided by 60667?
6
Calculate the remainder when 3988 is divided by 3973.
15
Calculate the remainder when 26568 is divided by 1654.
104
Calculate the remainder when 14325 is divided by 14285.
40
What is the remainder when 6536 is divided by 142?
4
Calculate the remainder when 25323 is divided by 2300.
23
What is the remainder when 1205 is divided by 16?
5
Calculate the remainder when 755 is divided by 197.
164
What is the remainder when 25791 is divided by 6?
3
Calculate the remainder when 8515 is divided by 1703.
0
Calculate the remainder when 173703 is divided by 21712.
7
What is the remainder when 27933 is divided by 1540?
213
What is the remainder when 37712 is divided by 4?
0
What is the remainder when 111190 is divided by 393?
364
Calculate the remainder when 6784 is divided by 2115.
439
Calculate the remainder when 6132 is divided by 65.
22
What is the remainder when 2296 is divided by 88?
8
Calculate the remainder when 15070 is divided by 3001.
65
What is the remainder when 5014 is divided by 721?
688
What is the remainder when 40806 is divided by 176?
150
Calculate the remainder when 183387 is divided by 541.
529
Calculate the remainder when 4735 is divided by 168.
31
What is the remainder when 79380 is divided by 1280?
20
Calculate the remainder when 19802 is divided by 77.
13
What is the remainder when 15770 is divided by 17?
11
What is the remainder when 4643 is divided by 464?
3
Calculate the remainder when 21246 is divided by 215.
176
What is the remainder when 20735 is divided by 129?
95
What is the remainder when 158823 is divided by 584?
559
Calculate the remainder when 340025 is divided by 64.
57
Calculate the remainder when 156344 is divided by 38.
12
Calculate the remainder when 19295 is divided by 32.
31
Calculate the remainder when 63242 is divided by 194.
192
What is the remainder when 717357 is divided by 105?
102
What is the remainder when 3803 is divided by 224?
219
Calculate the remainder when 607631 is divided by 67.
8
Calculate the remainder when 4178 is divided by 2087.
4
What is the remainder when 119373 is divided by 86?
5
What is the remainder when 113741 is divided by 25?
16
What is the remainder when 3527 is divided by 30?
17
What is the remainder when 749 is divided by 80?
29
Calculate the remainder when 923 is divided by 31.
24
Calculate the remainder when 373128 is divided by 27.
15
Calculate the remainder when 1762 is divi